3 + 8*v**2 + 6*v - 5. Suppose a - 4*a - 15 = 0. Let i be z(a). Let u = 75 - i. Is u a composite number?
True
Is (-2651)/3*-12 + -5 composite?
True
Suppose 9 + 5 = -2*b. Is 5535/105 - 2/b a composite number?
False
Let f = 115389 - 71110. Is f a composite number?
False
Is (-20)/(-8)*5/((-25)/(-222)) composite?
True
Is (409 - -3) + (24/(-2))/(-4) composite?
True
Is (2/12)/(3*(-8)/(-11742768)) a composite number?
False
Let l = -48 + 52. Suppose 0 = -o + 6*a - a + 1223, 4976 = l*o + a. Is o prime?
False
Let n = 24 - 6. Suppose n*p = 13*p + 10. Suppose -p*c + 4*c = 986. Is c composite?
True
Let n = 18 - 15. Suppose -2*p + 10 = n*p. Suppose -3*o = 3*i - 1098, -2*i + 209 = -p*o - 543. Is i a prime number?
False
Let n(y) = -y**3 + 11*y**2 + 15*y - 30. Let b be n(12). Let p(j) = 3*j**2 - 6*j - 13. Is p(b) prime?
True
Let d(m) = -m + 1. Let k be d(1). Let q(w) = -w**3 - 2*w**2. Let g be q(k). Suppose 5*o = 3*l - 241, -o - 79 = -g*l - l. Is l composite?
True
Suppose -4*a + 2193 = -595. Suppose h - a = 2524. Is h a composite number?
False
Is 753*(-21)/(-5) + (-2)/(-5) prime?
True
Suppose -55*t + 212682 = -52*t. Is t composite?
True
Suppose -7*j = -1933 - 104. Is j prime?
False
Let n(c) = -20 + 27 + 309*c - 853*c - 1124*c. Is n(-2) a composite number?
False
Let g be ((-10)/5)/((-2)/144). Let f = -65 + g. Is f composite?
False
Suppose -1838 = -x + 3*f, 2*x - 2*f + 6*f - 3706 = 0. Is x a composite number?
False
Suppose u + 2*l + 1371 = 4*l, -4*u + 2*l - 5502 = 0. Let n = -334 - u. Is n composite?
True
Suppose 15*j = 12*j + 9264. Suppose 0 = -f - 651 + j. Is f composite?
False
Let a be (-6 + 4)*-4 - 5. Suppose -1439 = -y - p, -2*y + a*p = p - 2874. Is y a prime number?
False
Let g = 79 + -79. Suppose -4*q = -4*o - 32, 5*q + o = 15 + 7. Suppose -b - 4*b - 4*u = -426, -4*b - q*u + 348 = g. Is b a prime number?
False
Suppose 0 = -10*b + 2*b - 2144. Let m = -57 - b. Is m a composite number?
False
Let o be (-385)/14*(-792)/10. Is o + 5 - -5 - 2 prime?
False
Suppose -3*v = v. Suppose -1 = 4*q - 17. Suppose -385 + 998 = 3*h + q*k, v = -3*k - 15. Is h composite?
False
Let z = -1434 + 4681. Is z a composite number?
True
Suppose 0 = n + 4*x + 22, -5*n = -x + 31 - 5. Let p(c) = 4*c**2 - 7*c - 9. Is p(n) a composite number?
True
Suppose -2*o + 4*v + 6 - 18 = 0, 5*o + 5*v - 45 = 0. Suppose 3*z = o*c - 423 - 2497, -4*z = c - 749. Is c composite?
False
Let k = 39 + 127. Suppose 475 = w - k. Is w a composite number?
False
Suppose -x - 959*t = -955*t - 115003, -3*x + 2*t + 344939 = 0. Is x prime?
False
Suppose -5*q = -48 - 2. Suppose v = -q + 21. Let y = v + 56. Is y a composite number?
False
Let j be 2/7 - (-1235)/(-133). Is -3261*((-4)/18 + 1/j) prime?
True
Is 5327 + ((-348)/(-145))/((-2)/(-5)) a composite number?
False
Suppose 122301 = 2046*h - 2037*h. Is h a composite number?
True
Let d(a) = a**2 - 10*a + 11. Let b be d(9). Let n be (0 - -3)*10/b. Is 1888/20 + 9/n composite?
True
Suppose 9*f - 84997 = 65969. Is f prime?
False
Is (-2)/(-10) - 2886/(-65)*17 prime?
False
Let o(z) = -3*z**2 + 14*z + 11. Let f be o(5). Is ((-1)/((-9)/(-6)))/(f/(-4743)) prime?
False
Let q = 26 + -12. Let j = 16 - q. Let u = 9 + j. Is u a composite number?
False
Let g(q) = 155*q**2 - 14*q - 20. Is g(21) prime?
True
Let k be (-26)/(-16) + 3/8. Suppose -k*b = 3*b - 335. Is b a composite number?
False
Suppose -v - 678 = -u - 0*v, 0 = -4*v - 20. Is u composite?
False
Let y = 27 - 0. Suppose -26*w - 214 = -y*w. Is w prime?
False
Let b(s) = 16*s**2 + 34*s + 29. Let y(f) = -3*f**2 - 7*f - 6. Let w(l) = -2*b(l) - 11*y(l). Let p be w(-6). Is (-5)/1*(-39 - p) a composite number?
True
Suppose 3*a - 1489 = -4*y, a - 7*y - 495 = -8*y. Is a a prime number?
True
Let z(b) = 46351*b + 30. Is z(1) composite?
False
Suppose 0 = -2*j + 3*f + 104 + 8, -2*j = 4*f - 98. Is j a prime number?
True
Suppose 3*o - 481 = -3*s + o, -5*s - 3*o + 801 = 0. Let j = 1218 - s. Suppose 3*l = 198 + j. Is l composite?
False
Suppose -b + 2 = b. Let h be b + -5 - (-4 + -6). Let f(z) = -z**3 + 13*z**2 - 2*z + 13. Is f(h) prime?
False
Let r(m) = -52*m + 153. Is r(-20) a composite number?
False
Suppose -2*x = -0*x - 1924. Suppose -232 - x = -3*w. Suppose w = 3*r - 661. Is r a prime number?
True
Suppose s + 2*o - 22681 = 0, 3*s - 4*o - 25457 - 42586 = 0. Is s prime?
False
Suppose 0 = -5*g + g. Suppose g*u + 636 = 6*u. Is u composite?
True
Suppose i - 8 + 11 = 0. Let v = i - -6. Suppose 0 = 3*n + u - 311, 6*n + 4*u - 317 = v*n. Is n composite?
False
Let r be -2 + -1 + 0 + 4914/(-39). Let t = 14 + 292. Let a = t + r. Is a a prime number?
False
Let s = 84 + -80. Suppose 5*l - s*l = 1741. Is l a composite number?
False
Suppose 17*z = 14*z + 9. Suppose z*t - 5987 = -710. Is t a prime number?
True
Suppose 5*o = -m + 493 + 1116, -3*m = -3*o - 4773. Is m prime?
False
Let t be 4 + 3/(-3) + -643. Let k = -383 - t. Is k a prime number?
True
Let r = 96 - 94. Is r/8 - 6744/(-32) a composite number?
False
Let s(t) = 43*t**2 - 2*t + 26. Is s(-5) composite?
True
Let b(p) = 95*p + 133. Let s be b(-14). Let h be (427 - 0)/(1/(-4)). Let l = s - h. Is l prime?
False
Suppose -102 + 30 = 9*b. Let c(l) = -2*l**3 - 12*l**2 - 13*l - 1. Is c(b) prime?
True
Let o(d) = 4*d**2 - 6*d - 19. Is o(9) a prime number?
True
Let t be 293 + 0 - (-8)/4*1. Let u = 44 + t. Is u a composite number?
True
Let o = 139164 - 86023. Is o prime?
False
Is 23974/2 - (-5)/(65/26) composite?
True
Suppose 2*u - 449 = 259. Suppose 3*l + 4*s - 491 = 0, -4*l + 2*l + u = -4*s. Suppose -5*x - 151 = -2*w, l = 4*w + 4*x - 175. Is w composite?
False
Suppose 0 = -2*h - 5*z - 31527, -2*z + 78905 = -5*h + 3*z. Is h/(-40) - 3/(-5) composite?
True
Let u = 2701 + 4710. Is u composite?
False
Let q = 82 + -146. Let y = q + 170. Is y composite?
True
Let t(b) = -b**3 - 4*b**2 + 8. Let l be t(-5). Let s be 22/l + 1928/6. Suppose -i + 75 = -s. Is i a prime number?
True
Suppose -4396 = -n - 3*d, 3*n - 10*d - 13181 = -12*d. Is n composite?
True
Let g = 83 + -302. Let j = 418 + g. Is j a prime number?
True
Let w be 4/(-14) - 464/(-56). Suppose w*q - 3248 + 296 = 0. Suppose -r = -5*x + x - q, 4*r - 1581 = -5*x. Is r composite?
False
Is (-2)/(-7) - 4*5507/(-28) a composite number?
False
Suppose o + 13 = 4*d, d + 0*o - 2 = -o. Suppose -2*m = -v + 15, 0*v + 4*v - d*m = 35. Suppose -1505 = -v*c + 4*t, 0*t = 2*t. Is c composite?
True
Let p(h) = h**3 - 8*h**2 + h - 3. Let z be p(8). Suppose -115 = -3*d + 2*q, 5*q = -0*d + z*d - 195. Is d a composite number?
False
Suppose 9*z = 143220 - 22593. Is z a composite number?
True
Suppose -5*g - 2*t + 8 = 0, 0*g + g + 16 = 4*t. Suppose 2*a - 325 - 183 = g. Is a prime?
False
Is (-2)/(-4) - 1117179/18*-1 composite?
True
Let l = 3366 + -2179. Is l prime?
True
Let a(v) = -v**3 + 11*v**2 + 9*v - 16. Suppose 2*z = -5*h + 3*z + 60, -z = 2*h - 17. Is a(h) a composite number?
False
Suppose -4*w + 32 - 4 = 0. Is w/((-42)/(-4580)) + (-2)/6 a prime number?
False
Let v = 10 + -12. Is (v/6)/(3/(-6093)) composite?
False
Let i be 5/25 + 48/10. Suppose 7*w - 52 = i*w. Is w composite?
True
Let h(o) = 7*o**2 + 10*o - 16. Let g be (14 + 4)*(-1)/(-2). Is h(g) prime?
True
Is (-9201 + 0)*((-8)/(-12) - 1) a composite number?
False
Let h = -20802 + 109445. Is h a composite number?
False
Let b(o) = -4*o**3 - 18*o**2 - 36*o - 1. Is b(-11) a prime number?
True
Is 24 - 18 - -5201*1 a prime number?
False
Let s = 115 - 1168. Is (-17)/(-17) + (1 - s) a composite number?
True
